{"id":1851,"date":"2026-01-25T14:22:52","date_gmt":"2026-01-25T14:22:52","guid":{"rendered":"http:\/\/www.borsadesifre.com\/blog\/?page_id=1851"},"modified":"2026-01-25T14:22:52","modified_gmt":"2026-01-25T14:22:52","slug":"yasamin-ortasinda","status":"publish","type":"page","link":"https:\/\/www.basaksehirvadiyaka.com\/index.php\/yasamin-ortasinda\/","title":{"rendered":"Ya\u015fam\u0131n Ortas\u0131nda"},"content":{"rendered":"<p>Ba\u015fak\u015fehir\u2019in en merkez konumunda yer alan<br \/>\nVadiyaka Ba\u015fak\u015fehir, kafeteryas\u0131, T\u00fcrk Hamam\u0131, fitness salonu,<br \/>\nsaunas\u0131, 2 adet kapal\u0131 y\u00fczme havuzu, \u00e7ocuk oyun adas\u0131,<br \/>\nkapal\u0131 otopark\u0131 ve \u00f6zel peyzaj\u0131 ile sosyal bir ya\u015fam<br \/>\nvaat ediyor.<\/p>\n","protected":false},"excerpt":{"rendered":"<p>Ba\u015fak\u015fehir\u2019in en merkez konumunda yer alan Vadiyaka Ba\u015fak\u015fehir, kafeteryas\u0131, T\u00fcrk Hamam\u0131, fitness salonu, saunas\u0131, 2 adet kapal\u0131 y\u00fczme havuzu, \u00e7ocuk oyun adas\u0131, kapal\u0131 otopark\u0131 ve \u00f6zel peyzaj\u0131 ile sosyal bir ya\u015fam vaat ediyor.<\/p>\n","protected":false},"author":1,"featured_media":0,"parent":0,"menu_order":0,"comment_status":"closed","ping_status":"closed","template":"template-parts\/template-full-width.php","meta":{"footnotes":""},"class_list":["post-1851","page","type-page","status-publish","hentry"],"_links":{"self":[{"href":"https:\/\/www.basaksehirvadiyaka.com\/index.php\/wp-json\/wp\/v2\/pages\/1851","targetHints":{"allow":["GET"]}}],"collection":[{"href":"https:\/\/www.basaksehirvadiyaka.com\/index.php\/wp-json\/wp\/v2\/pages"}],"about":[{"href":"https:\/\/www.basaksehirvadiyaka.com\/index.php\/wp-json\/wp\/v2\/types\/page"}],"author":[{"embeddable":true,"href":"https:\/\/www.basaksehirvadiyaka.com\/index.php\/wp-json\/wp\/v2\/users\/1"}],"replies":[{"embeddable":true,"href":"https:\/\/www.basaksehirvadiyaka.com\/index.php\/wp-json\/wp\/v2\/comments?post=1851"}],"version-history":[{"count":0,"href":"https:\/\/www.basaksehirvadiyaka.com\/index.php\/wp-json\/wp\/v2\/pages\/1851\/revisions"}],"wp:attachment":[{"href":"https:\/\/www.basaksehirvadiyaka.com\/index.php\/wp-json\/wp\/v2\/media?parent=1851"}],"curies":[{"name":"wp","href":"https:\/\/api.w.org\/{rel}","templated":true}]}}